(5).
-1
Let q(p) = p + 5. Let x(g) = g**3 + 8*g**2 - 11*g - 11. Let y be x(-9). Calculate q(y).
12
Let u(g) = 29*g**3 + g**2 - 3. Let v(j) = j**3 + 1. Let f(n) = u(n) + 3*v(n). Give f(1).
33
Let h = 827 + -818. Let x(m) be the first derivative of -h - 2*m + 1/2*m**2. Determine x(-6).
-8
Let a = -7199 + 7197. Let i(h) be the first derivative of -h**5/60 - h**4/12 + 2*h**3/3 + 1. Let x(o) be the third derivative of i(o). Calculate x(a).
2
Let w(b) be the second derivative of 1/12*b**4 + 9/2*b**2 - 16*b - b**3 + 0. What is w(7)?
16
Let f be (4/(-6))/(1/(-3)). Let i(l) be the first derivative of l**4/2 - l**2/2 - l + 98. Determine i(f).
13
Let v(y) = -2*y**2 - 29*y - 19. Let a be v(-15). Let d = -34 - a. Let p(t) = t**3 - t + 6. Calculate p(d).
6
Let c be 1*-6 + 1 + 0. Let m(o) be the second derivative of -o**5/120 - o**4/4 + 7*o**3/6 + 34*o. Let v(w) be the second derivative of m(w). What is v(c)?
-1
Let q = 16 - 14. Suppose 0*z + q*z = 2*g + 6, -g = 0. Let j(h) = h - 2 - h**3 + 3 + 3*h**2 - 2. Give j(z).
2
Let x(f) = -f**2 + f - 1. Let z(i) = 20*i**2 - 15*i + 15. Suppose 5*y = -4*j - 13, -4*y - 2*j - 2 - 6 = 0. Let c(l) = y*z(l) - 15*x(l). Determine c(-1).
-5
Suppose -f - 5*d + 31 = 2*f, -f + 5 = -d. Let r(o) = -6 + 3*o + 11 - 4*o. What is r(f)?
-2
Let j(a) = a**3 + 2*a**2 + a - 1. Let k be j(-1). Let w(x) be the first derivative of -3*x**2 + x - 5. Calculate w(k).
7
Let x(t) = 11*t**2 + 9*t + 12. Let w(f) be the third derivative of -5*f**2 - 5/24*f**4 + 0 - f**3 + 0*f - 1/12*f**5. Let u(l) = 9*w(l) + 4*x(l). What is u(-8)?
2
Let w(p) = p**3 + 6*p**2 - 8*p - 2. Let n = 1 - 1. Let i be -1 + -4*10/(-8) + -11. Let c = i + n. Give w(c).
5
Let j(q) = -3*q**3 - 2*q**2 + 3*q - 2. Let p be (52/(-104))/((-2)/8). Give j(p).
-28
Let l(j) be the third derivative of j**6/120 + j**5/12 + j**4/3 + 5*j**3/6 - 592*j**2. Calculate l(-3).
-1
Suppose -4*y = -0*y + 4. Let t = y + 2. Let p(j) = 12 + 2*j + j - 43 + 16 + 14. What is p(t)?
2
Suppose -2*n + 0*z = -4*z - 40, -140 = -4*n - 4*z. Suppose n = 4*k + 6. Let w(s) = s + 6. What is w(k)?
12
Let o(g) be the third derivative of 0*g + 1/120*g**6 - 3/8*g**4 - 5/6*g**3 + 7/60*g**5 + 7*g**2 + 0. Determine o(-8).
3
Let p(b) = b**2 + b + 3. Let h(s) = s**3 - 3*s**2 - 3*s - 4. Suppose -5*f + 8 + 12 = 0. Let r be h(f). Give p(r).
3
Let h be ((-2)/(-4))/(-1*(-8)/(-64)). Let p(g) = 3*g + 14. What is p(h)?
2
Let j(b) = -3*b**3 + 2*b**2 + 4*b + 2. Let k(r) = -8*r**3 + 5*r**2 + 10*r + 5. Let g(f) = -5*j(f) + 2*k(f). What is g(0)?
0
Let s = 3 + -1. Let n(p) = -p**3 + 0*p**s + 2*p + 0*p**2. Let b = -37 + 35. Give n(b).
4
Suppose -z + 6 = -4*g, 8 - 2 = z - g. Let y be ((-3)/(-2))/(z/8). Let x(a) = -3*a - 1 + 6*a + a + a**3 + a**y + 2*a**2. What is x(-3)?
-13
Suppose -3*v + 123 = 21. Suppose 2*k + 22 = 4*c - 2, 0 = 3*k - 4*c + v. Let z(j) = j + 9. Give z(k).
-1
Let f(d) = 15 - 71 + d + 29. What is f(0)?
-27
Let r(a) = -a**3 + 13*a**2 + 12*a + 33. Let p be r(14). Suppose n = 4 - p. Let k(x) = 10*x**2 + 2*x + 1. What is k(n)?
9
Let f(n) = 4*n + 6. Let y be f(-7). Let q = 15 + y. Let p(o) = o**2 + 8*o - 3. What is p(q)?
-10
Suppose 2 = o + 7. Let y = o - -7. Let s(n) be the second derivative of n**5/20 - n**4/12 + n**3/6 - n**2/2 + 4*n - 3882. What is s(y)?
5
Suppose -7*j + 26 = 5. Let n be (j + -1)*(-2)/(-4)*-2. Let b(i) = 0*i + 1 - 6*i + 3*i. Determine b(n).
7
Let g(a) = -38 - 2*a - 5 + 10 + 10 + 0*a. Determine g(-10).
-3
Let k(m) be the third derivative of -m**5/60 - m**4/24 - m**3 + 79*m**2 + 2*m. Determine k(0).
-6
Let u(b) = -b**2 + 4*b + 25. Let v be ((-104)/(-3))/4 - (-26)/(-39). Calculate u(v).
-7
Suppose -2*a + 9 = 4*p + 5, -5*p = 2*a - 5. Let l(u) be the first derivative of -2*u + 5/3*u**3 + 5 + 1/4*u**4 + a*u**2. Determine l(-2).
10
Let x be 3*1 + 0/(-1). Suppose 0 = -x*u - 4 - 8. Let d(i) = -i**3 + 4 + 5*i - 11*i + 8*i + 2*i**2 - 6*i**2. Calculate d(u).
-4
Suppose 0 = -n - n + 4. Let q(z) = z - n - 4*z + z**2 + 2*z**2 - z**2. What is q(3)?
7
Suppose 4*m = 3*q - q - 26, -10 = -q + 5*m. Let t = q - 20. Let z(r) = -r. Let i(x) = -x. Let y(n) = -i(n) + 3*z(n). Calculate y(t).
10
Suppose -10*c + 4 = -8*c. Suppose 14 = -c*n - 4*y, -n + 7 = 2*n - y. Let d(s) = 7*s**3 - s**2 - s + 1. Determine d(n).
6
Let s(x) = -9*x - 1. Let a be -2 + (7 - -4*(-3)/4). Suppose a*z - 3*f + 8 + 0 = 0, 0 = 3*z - 5*f + 14. Determine s(z).
-19
Let k be -6*((-35)/15 + 1). Suppose i + k = 11. Let l(s) = 1 + 5 - 2 - i + 6*s. Calculate l(-2).
-11
Suppose 2*f = 6 - 0. Let y be (13 + -4)/f + 4/2. Let b(z) = -4*z - 2*z + 7 + 5*z. Calculate b(y).
2
Let m(q) be the third derivative of 0*q**3 + 0*q + 0 + 1/60*q**5 + 31*q**2 - 5/24*q**4. What is m(6)?
6
Let g(d) = d**3 + 5*d**2 - 7*d + 4. Let z = -461 - -455. Calculate g(z).
10
Let x(d) = 76*d**3 - 32*d**3 - 43*d**3 + 5*d**2 + 4*d - 3. Let k = 9 - 6. Let v = k + -7. Determine x(v).
-3
Let w be (-9)/6*16/(-12). Let u(z) be the second derivative of z**3/2 - 7*z**2/2 + 6*z. Let d(a) = -a + 3. Let q(h) = w*u(h) + 5*d(h). Determine q(4).
5
Suppose -6*f + 12 = -2*f. Let c(g) = 77 + f*g - 77. Determine c(-2).
-6
Let m(d) = -d**3 + 16*d**2 - 15*d + 2. Let x be 2/(732/90 - 8). Calculate m(x).
2
Let x = -20 - -22. Let q(m) = -2*m**3 - 2*m**2 + m + 1. Give q(x).
-21
Let j = -3 + 5. Let y(c) be the second derivative of -c**j + 2/3*c**3 - 1/20*c**5 + 4*c + 0 - 1/6*c**4. Determine y(2).
-10
Let r(i) = -4*i + 14. Let u(s) = -s + 4. Let c(w) = 2*r(w) - 7*u(w). Let t be ((-25)/(-10))/(2/4). Let g = 1 + t. What is c(g)?
-6
Suppose 7*f = -5 + 26. Let z(y) be the second derivative of 13/2*y**2 - 1/6*y**f + 7*y + 0. Calculate z(7).
6
Let h(a) = 7*a - 5. Let x(t) be the second derivative of 32*t**3/3 - 22*t**2 - 6*t. Let y(f) = -28*h(f) + 3*x(f). What is y(6)?
-16
Let g(l) = -l**3 + 5*l**2 - 3*l - 3. Suppose -2*v = 2*v - 8. Let q be (-1)/v*10*-1. Suppose -5*s - 5*z + 0*z = -q, 3*z + 18 = 4*s. What is g(s)?
6
Let d(r) = -40 - r - 2 + 29. What is d(-4)?
-9
Let o be 5 - 0 - (-2)/1. Let x(q) be the third derivative of 3/8*q**4 + 0 + 1/10*q**5 - 24*q**2 - 1/120*q**6 - 4/3*q**3 + 0*q. Determine x(o).
6
Let b(z) = z + 38 + 39 + 35 - 113. Calculate b(1).
0
Let g(s) = -s**3 - 4*s**2 + 3*s - 1. Let b be 8/10 + (-26)/(-5). Suppose 4*f + 14 = -b. What is g(f)?
9
Let l(s) = s**3 - 3*s**2 - 3*s. Let n = -11 - -11. Suppose n = -2*f - 3*f + 80. Suppose 4*a = -0*a + f. Give l(a).
4
Let o(w) = w + 2. Suppose -4*t + 0*c + 7 = 3*c, 2*t = 5*c - 29. Let i be o(t). Let p(h) = i*h**2 + 3*h + 0*h + h**2 + 2*h. Calculate p(-5).
0
Let l(k) be the first derivative of k**5/120 - k**4/8 - k**3/3 - 5. Let x(g) be the third derivative of l(g). Let y be 0/((-6)/1 + 3). Give x(y).
-3
Let u be 0/((1 + -5 + 9)/1). Let p(s) = -s**2 + 2*s - 8. Calculate p(u).
-8
Let n(t) = 39*t - 21. Let d(v) = 8*v - 1. Let k(m) = -5*d(m) + n(m). Calculate k(6).
-22
Let y(t) = -t**2 - 2*t. Let o = 13 + 12. Suppose 5*i - o = x, i = 5*x + 3 + 2. Suppose 0*z = -i*z - 10. Calculate y(z).
0
Suppose 3*j + 10 = 19. Let a(f) be the second derivative of -1/20*f**5 - j*f - 3/2*f**2 + 0*f**3 + 0 + 7/12*f**4. Determine a(7).
-3
Let w(c) be the third derivative of -c**5/60 - 7*c**4/24 - 3*c**3/2 + 15*c**2 - 11. Give w(-4).
3
Let u(z) = 2*z**3 + 3*z**2 - z + 1. Let b = 53 - 51. Suppose 4*g + m = -5 - b, g - 5*m + 28 = 0. Determine u(g).
-23
Let u(o) be the second derivative of -2*o**2 + 1/3*o**3 + 1/12*o**4 + 0 - o. Suppose -3*m - 7 = -3*n - 1, 4*n + 3*m + 27 = 0. Give u(n).
-1
Let o(u) be the first derivative of -u**4/4 + 2*u**3/3 + u**2/2 - 2*u - 2. Let c(w) = 7*w + 1. Let p be c(1). Suppose -4*k + p = -4. Give o(k).
-8
Let h(k) = -2*k**2 + 7*k - 19. Let q(d) = d**2 - 4*d + 10. Let t(n) = -6*h(n) - 11*q(n). Suppose -o + 0*o = 105. Let z be (-2)/(-11) + o/33. Calculate t(z).
7
Let y(x) be the third derivative of 1/24*x**4 - 7/6*x**3 + 0 + 0*x + 7*x**2. Calculate y(5).
-2
Let l(j) = j**3 - 15*j**2 - 17*j + 10. Suppose -a + 10 + 6 = 0. Let q be l(a). Let m(w) = -w**2 - 7*w - 4. Calculate m(q).
2
Suppose 8*s - 3*s + 20 = 0. Let p(l) be the first derivative of -l**4/4 - l**3 - 2*l + 1637. Determine p(s).
14
Let d(y) = 3*y + 2. Suppose 0 = -0*b + 19*b + 133. Calculate d(b).
-19
Suppose 10*p = 3*p. Suppose -6*v = -v - 5*a + 25, -5*a = p. Let h(c) = -c**2 - 7*c - 2. Calculate h(v).
8
Let z(o) = -o**3 + 